on divisor of 40812 and 2240556?
228
What is the highest common factor of 153691824 and 1320?
264
What is the highest common factor of 175425 and 11175?
75
What is the greatest common factor of 784870 and 1510?
10
What is the highest common factor of 1947485 and 77645?
265
What is the greatest common divisor of 2115574 and 1862?
38
Calculate the highest common factor of 4164 and 740856.
12
What is the highest common divisor of 880787 and 28930?
263
What is the highest common factor of 10486112 and 64264?
2216
Calculate the greatest common divisor of 27150 and 57390.
30
What is the greatest common divisor of 55980 and 18824830?
3110
Calculate the highest common divisor of 2468796 and 176.
44
Calculate the highest common divisor of 19625697 and 186.
93
Calculate the greatest common divisor of 38617 and 21436.
23
Calculate the greatest common factor of 14279751 and 294960.
3687
Calculate the highest common divisor of 970750 and 97428.
706
What is the greatest common divisor of 674312 and 2542?
62
What is the highest common divisor of 1559716 and 816?
68
What is the greatest common factor of 45 and 99295155?
45
What is the highest common divisor of 96269570 and 50?
10
What is the highest common factor of 44 and 87340517?
11
Calculate the greatest common divisor of 917352 and 1200942.
2466
Calculate the greatest common factor of 6449834 and 34.
34
What is the greatest common factor of 762289 and 606661?
1441
Calculate the highest common divisor of 1441936 and 216.
8
What is the greatest common factor of 108 and 45588798?
54
What is the greatest common divisor of 1297815 and 20?
5
What is the greatest common factor of 831969 and 76533?
291
Calculate the greatest common divisor of 9392 and 2417853.
587
Calculate the highest common factor of 943 and 182991979.
943
Calculate the greatest common divisor of 10756655 and 3290.
1645
Calculate the highest common divisor of 7 and 126974820.
7
What is the highest common factor of 3303644 and 475?
19
Calculate the highest common factor of 2452692 and 48.
12
What is the greatest common divisor of 1362 and 15724971?
681
What is the highest common factor of 267364 and 676?
4
What is the greatest common divisor of 13963471 and 3422?
1711
Calculate the highest common divisor of 2565520 and 50.
10
Calculate the greatest common divisor of 31548 and 32892.
12
What is the highest common divisor of 2041218 and 46206?
2718
What is the highest common divisor of 129400852 and 6164?
6164
What is the greatest common divisor of 1217808 and 23712?
48
Calculate the highest common divisor of 58077 and 4959.
9
Calculate the highest common divisor of 22 and 38258996.
2
What is the highest common divisor of 150 and 93666075?
75
What is the greatest common divisor of 3670457 and 805?
7
What is the greatest common divisor of 35 and 1599283?
7
Calculate the greatest common divisor of 7802 and 104331.
83
What is the highest common divisor of 125 and 5355475?
25
Calculate the greatest common factor of 4048178 and 10298.
38
Calculate the highest common divisor of 201166 and 78106.
14
What is the greatest common factor of 70 and 25539815?
35
What is the highest common divisor of 4320 and 7690?
10
Calculate the greatest common divisor of 20233314 and 16362.
162
What is the greatest common factor of 2151 and 219283695?
2151
Calculate the greatest common factor of 40248 and 87416.
8
Calculate the highest common divisor of 335 and 3841847.
67
What is the highest common factor of 14413 and 1620433?
2059
Calculate the greatest common divisor of 7 and 36122639.
7
What is the greatest common divisor of 16 and 514829584?
16
What is the highest common divisor of 2360 and 327680?
40
What is the highest common factor of 2008 and 114862118?
502
What is the greatest common factor of 1132181 and 265637?
2579
Calculate the highest common divisor of 383226735 and 5.
5
Calculate the greatest common divisor of 337076 and 15640.
68
Calculate the highest common divisor of 200 and 1511120.
40
What is the greatest common factor of 637 and 12546989?
637
What is the greatest common divisor of 9040 and 67175?
5
Calculate the highest common divisor of 6695 and 86515.
65
Calculate the highest common divisor of 208250 and 3247.
17
Calculate the highest common divisor of 1438811 and 251873.
1081
Calculate the highest common factor of 13650 and 82871880.
2730
Calculate the highest common factor of 253524732 and 10.
2
What is the highest common divisor of 108 and 3067497?
27
What is the greatest common factor of 13786710 and 165?
15
What is the greatest common divisor of 21344 and 17661986?
58
Calculate the highest common divisor of 260 and 463086.
26
What is the highest common divisor of 4244 and 452652308?
4244
What is the greatest common divisor of 210236 and 208546?
338
Calculate the highest common divisor of 14210 and 194265.
5
Calculate the highest common factor of 389429 and 3775.
151
Calculate the highest common divisor of 11470 and 63151526.
2294
What is the greatest common factor of 21835 and 495385?
55
What is the greatest common divisor of 7881 and 167387186?
2627
Calculate the greatest common divisor of 90460 and 6860.
20
What is the greatest common divisor of 17661210 and 280?
70
Calculate the greatest common factor of 30 and 307974.
6
Calculate the greatest common factor of 5881737 and 41.
41
Calculate the greatest common divisor of 49197 and 221433.
93
What is the highest common divisor of 120692 and 17186?
26
Calculate the greatest common divisor of 50 and 848230.
10
What is the greatest common factor of 499376 and 1031792?
944
What is the greatest common factor of 1933620 and 722388?
444
Calculate the greatest common divisor of 1248944 and 304.
16
What is the highest common divisor of 2507585 and 4624?
17
Calculate the greatest common factor of 48809253 and 111.
111
What is the highest common factor of 3205 and 361510539?
641
What is the greatest common factor of 12196 and 9316?
4
Calculate the greatest common factor of 71591 and 7423436.
5507
What is the highest common factor of 3190 and 335385754?
638
What is the highest common factor of 1971 and 3555027?
657
Calculate the greatest common divisor of 33075 and 1338300.
225
What is the highest common divisor of 86327 and 12126199?
499
Calculate the greatest common factor of 39 and 582274641.
39
What is the highest common divisor of 1081600 and 3998800?
5200
Calculate the greatest common divisor of 24149 and 71176.
1271
Calculate the highest common divisor of 266 and 211414.
14
Calculate the greatest common divisor of 574 and 200851374.
82
What is the highest common factor of 1078373392 and 214?
214
Calculate the highest common divisor of 40219015 and 3324.
277
Calculate the highest common factor of 10819448 and 7320.
488
What is the greatest common divisor of 319512 and 64104?
24
What is the highest common factor of 109968 and 3899224?
232
Calculate the greatest common factor of 88983960 and 30.
30
What is the highest common divisor of 60125 and 27328200?
925
What is the highest common factor of 200768 and 2008?
8
Calculate the highest common divisor of 4881258 and 144.
18
What is the greatest common divisor of 117974 and 1200358?
122
What is the greatest common divisor of 246311 and 5096?
13
Calculate the highest common divisor of 2583612 and 23994.
774
What is the highest common divisor of 36469362 and 12?
6
What is the greatest common factor of 3554748 and 2052?
684
Calculate the greatest common factor of 884351 and 28379.
767
What is the highest common factor of 170 and 64882693?
17
What is the greatest common factor of 63 and 3155976810?
63
What is the highest common divisor of 753 and 7382161?
251
What is the greatest common divisor of 9188797 and 813?
271
What is the greatest common factor of 17972978 and 119?
17
Calculate the greatest common factor of 686411 and 891.
11
What is the highest common divisor of 2114595 and 1344?
21
What is the greatest common divisor of 1722347 and 18557?
11
What is the greatest common factor of 23 and 97991063?
23
What is the highest common divisor of 70600093 and 5672?
709
What is the highest common factor of 18 and 593858754?
18
What is the greatest common factor of 496 and 32030626?
62
What is the greatest common factor of 11386980 and 10560?
660
What is t